e prime factors of r.
3
What are the prime factors of ((-5)/(1050/990))/((-2)/10346)?
3, 11, 739
Suppose 114*s = 102139 + 41399 + 253182. What are the prime factors of s?
2, 3, 5, 29
Let m(h) = -276*h - 17. Let a(f) = 277*f + 16. Let c(g) = 2*a(g) + 3*m(g). What are the prime factors of c(-2)?
23
Let z be -3 + (-2 - -20) + -7. List the prime factors of 1263 - (-2)/z*-4.
2, 631
Let y be 10/(-2) - 227*(-2 - -3). Let b = y + 839. List the prime factors of b.
607
Let j(g) be the first derivative of -45*g**2/2 + 4*g + 14. Let r(m) = -45*m + 4. Let o(n) = 4*j(n) - 3*r(n). List the prime factors of o(-3).
139
Suppose 367*k - 366*k = 514. Let a = 709 - k. What are the prime factors of a?
3, 5, 13
Suppose -4949*i = -4961*i + 507936. List the prime factors of i.
2, 11, 13, 37
Let j = -280 + 276. List the prime factors of 217*(4 - (-1 - j)).
7, 31
Let q = 91365 - 61268. List the prime factors of q.
30097
Suppose -257918 = -3*o + z - 86844, -5*o - 2*z + 285138 = 0. List the prime factors of o.
2, 28513
Suppose n + 2*r - 261 = -r, -r = -2. Suppose -5*v = -5*x + n, 4*x - v = 283 - 76. Let d = x + -42. What are the prime factors of d?
2, 5
Let r = 572 + 1355. Suppose -r = 3*a - 5560. List the prime factors of a.
7, 173
Let b = 11146 - 3660. List the prime factors of b.
2, 19, 197
Let c be -1824*(4 - 27/6). Let g = c - 605. List the prime factors of g.
307
Suppose 0 = 4*z, -5*n - 4*z = -3*z - 25. Suppose 0 = o - 2, 8*o = -4*j + n*o + 2554. List the prime factors of j.
7, 13
Let j(c) = c**3 + 8*c**2 - 2*c - 59. Let v be j(-7). Suppose -v*z + 2646 = -5*t, 6*z = 8*z - 2*t - 1322. List the prime factors of z.
659
Let v = 2158 - -3306. Suppose 111*j - 103*j = v. What are the prime factors of j?
683
Let g = -15940 + 30638. What are the prime factors of g?
2, 7349
List the prime factors of 174/1392 - (-98695)/8.
13, 73
Suppose -2*v + 5*d - 1 = 4, 5*v = -5*d + 40. Suppose -j + 25 = -6*j, 2*n = 4*j + 20. Suppose -c - v + 44 = n. List the prime factors of c.
3, 13
Let c be (-68)/(-8) + 6/12. Let d(q) = -3*q + 20. Let w be d(c). List the prime factors of (-338)/w - (-2)/(-7).
2, 3
Let r(i) = -1239*i**3 + 29*i**2 - 9*i - 27. List the prime factors of r(-3).
2, 3, 1873
Let d = 25267 - -15297. What are the prime factors of d?
2, 10141
Let r be ((1 - -3) + 1/2)*6. Let c = r - -21. What are the prime factors of c?
2, 3
Suppose 6 = 2*v - 8. What are the prime factors of (-162)/24 + v + (-1941)/(-12)?
2, 3
Let t be (-7134)/(-29)*1/2. Suppose -t - 55 = -l. Let w = l - 36. List the prime factors of w.
2, 71
Let w(a) = -a**2 - 2*a + 12. Let d be w(-5). Let g be 2276/(-3) - (-10)/15. What are the prime factors of (-12)/56*g + d/7?
2, 3
Suppose b = 4*l + 37, 3*b + 79 = -5*l + 20. Let m(v) = v + 15. Let c be m(l). Suppose -f = -3, 0*r + c*r - f = 697. List the prime factors of r.
2, 5, 7
Suppose -j + 376 + 324 = 0. List the prime factors of j.
2, 5, 7
Let k(x) = 110*x**2 + 82*x**2 + 80*x**2 - 9 + 3*x. Let u be k(2). Suppose 4*i = 2*y - 440, y + 5*i = -4*y + u. What are the prime factors of y?
2, 109
Let k = 38378 + -14855. What are the prime factors of k?
3, 7841
Let d(f) = -f**3 - 10*f**2 - 14*f + 21. Let h(y) = y**3 - 18*y**2 - 7. Let x be h(18). Let q be d(x). Let l = 107 + q. What are the prime factors of l?
79
Suppose 3*c + 24881 = 2*q, -4*c + 24863 = 2*q - c. What are the prime factors of q?
2, 3109
Let a be (81/3)/((-12)/(-44)). Suppose 0 = -v + 184 + 61. Suppose -4*x + v = -a. List the prime factors of x.
2, 43
Let t = -83 + 106. Suppose 4728 = t*s - 3897. List the prime factors of s.
3, 5
Let w(x) = 1015*x**2 - 3*x - 2. Let g be w(-1). Let o = -641 + g. List the prime factors of o.
3, 5
Let w(r) = -r**2 - 13*r - 3. Let a be w(-5). Let n = a - 38. List the prime factors of -42*(-2 + n/2).
3, 5, 7
Suppose 0 = -121*a + 134*a - 70135. List the prime factors of a.
5, 13, 83
Let u = -71 - -149. Let g be 2228/7 + u/21 + -4. Suppose 11*i - 8*i = g. What are the prime factors of i?
2, 53
Let r be ((-30)/45)/((-4)/4944). Let l = 1438 - r. List the prime factors of l.
2, 307
Let k(j) = 7*j + 38. Let o be k(-6). Let g be (o - 0/(-6)) + (149 - 1). Suppose 0 = 8*f - 40 - g. List the prime factors of f.
23
Suppose -13 = -w - 2*g + 29, 3*w - 4*g = 86. Let i = 348 - w. List the prime factors of i.
2, 157
Let a(z) = -2*z + 70. Let n be a(42). List the prime factors of (-7)/n + (20986/4)/7.
2, 3, 5
Let p = -27 + -20. Let j = p - -63. Suppose j = -m + 2*m. What are the prime factors of m?
2
Suppose 8*q = 295 + 529. Let n = 111 - q. Let g(d) = -d**3 + 10*d**2 - 9*d - 7. List the prime factors of g(n).
7
Suppose -254*b + 282*b = 989408. List the prime factors of b.
2, 7, 631
Let k = -74 + 75. Let h be (36/4)/k - (4 + 0). Suppose -84 = -4*y + 2*s + 108, -h*y = -s - 234. List the prime factors of y.
2, 23
What are the prime factors of 287/(-164) + (-92150)/(-8)?
3, 11, 349
Let u = -744 - -2437. List the prime factors of u.
1693
Suppose 2*f + 0 - 2 = 4*q, q - 22 = -4*f. Suppose -5*m - w + q*w = 3, 2*w - 6 = 5*m. Suppose -3*a + 193 + 89 = m. List the prime factors of a.
2, 47
Let l be 33/22*(-8)/3. Let u be 0/(-3)*l/(-12). Suppose 0 = -5*q + 5*o + 82 + 103, q + o - 47 = u. List the prime factors of q.
2, 3, 7
Suppose a - 3*c + 10 = 0, -c = 5*a - 21 + 7. Let n(f) = -10*f**3 + 19 + f**2 + 22 + a*f - 39. What are the prime factors of n(-2)?
2, 41
List the prime factors of ((-414)/184)/(-2*6/74576).
3, 59, 79
Suppose 190*o = 195*o - 25045. What are the prime factors of o?
5009
Let b = -515 + 242. Let z = b + 535. Let x = z - 138. List the prime factors of x.
2, 31
Let j = 10714 - 1582. What are the prime factors of j?
2, 3, 761
Let z be (-5)/(75/(-6)) - (-116)/10. Let y(b) = -8*b**3 - 15*b + 2*b**3 + z*b**2 + 5*b**3 + 15. List the prime factors of y(7).
5, 31
Suppose 22 = 4*x + 2*q, -x + 4 = 3*q - 4*q. Suppose x*j = 7*j - 580. List the prime factors of j.
2, 5, 29
Suppose 420922 = 130*b - 845798. What are the prime factors of b?
2, 3, 7, 29
Let o(n) = -4*n - 61. Let r be o(-13). Let x(i) = i**3 + 9*i**2 - 18*i - 66. List the prime factors of x(r).
2, 3
Let j(k) = 3*k**2 - 3*k - 393. Let i(n) = 8*n**2 - 10*n - 1178. Let d(g) = -4*i(g) + 11*j(g). Let b be d(0). Let x = -232 + b. List the prime factors of x.
157
Let b = -30 - -34. Suppose -1677 = -b*q + 5*j, -6*q - 5*j = -2*q - 1667. List the prime factors of q.
2, 11, 19
Suppose -3*h - 2308 = h. Suppose 2*z = -3*g + 1613, -36*z + 39*z - g = 2425. Let j = h + z. What are the prime factors of j?
3, 7, 11
Let g(h) be the first derivative of -h**2/2 - 15*h + 24. Let q be g(6). Let t = q + 100. List the prime factors of t.
79
Suppose 27 = 5*p + 2. Suppose 2*c = 3 + p. Suppose 10*h = c*h + 594. List the prime factors of h.
3, 11
Let z(o) = 15*o - 2. Let f be z(1). Let p(v) = f - v + 126*v**3 - 4 - 4 - 3. What are the prime factors of p(1)?
127
Suppose 3 = -2*x + 1, 2*h - 1466 = 2*x. Suppose f - s = -707, -s = -f - 5*s - h. What are the prime factors of ((-2)/(-8))/((-2)/f)?
89
Suppose -26 = -10*k - 6. Suppose 159 = -k*h + 4*h + 3*r, 4*r = -3*h + 237. Let x = h - 72. List the prime factors of x.
3
Suppose -26*l + 879424 = 68*l + 202624. List the prime factors of l.
2, 3, 5
Let x(v) = v**2 + 12*v + 25. Let r be x(-10). Suppose -r*w = -4*n - 556, -5*w + 296 = 4*n - 228. Suppose -w = -h + 39. What are the prime factors of h?
3, 7
Suppose 17908*r = 17879*r + 417136. What are the prime factors of r?
2, 29, 31
Suppose 3*l = 25 - 19. Suppose -r - 5 + 1 = 0, 0 = -c - 3*r + l. What are the prime factors of c?
2, 7
Let c be (20/8)/(((-6)/2)/(-6)). Suppose -c*k + 198 = -4*k. What are the prime factors of k?
2, 3, 11
Let d(w) = -6*w + 44. Let m be (-1 + (0 - 0))/(18/(-36)). Suppose f - 1 = m*r, 4*f - 3*r = -0*f + 14. What are the prime factors of d(f)?
2, 7
Suppose 2*w - m + 10 = 0, w + 0*w + 8 = 2*m. Let p be 0*(w + (-18)/(-4)). Suppose p*t = -t - 2*z + 97, -5*z + 109 = t. What are the prime factors of t?
89
Suppose -2*c = 3*b - 332, 0*b - 505 = -3*c - b. Suppose -135 - c = 4*r - 2*n, 3*r = -2*n - 228. Let s = 26 - r. What are the prime factors of s?
2, 3, 17
Let z be (-228)/(-95) - 2/5. Suppose 5*w - 3*f - z*f - 900 = 0, -4 = -2*f. Let h = w - -85. List the prime factors of h.
3, 89
Let u(m) = -172*m**3 + 12*m**2 + 5*m - 53. What are the prime factors of u(-7)?
2, 3,